{"id":3898,"date":"2018-06-29T14:00:48","date_gmt":"2018-06-29T13:00:48","guid":{"rendered":"https:\/\/research.kent.ac.uk\/upgrade-warandnation\/?page_id=3898"},"modified":"2020-09-14T09:52:21","modified_gmt":"2020-09-14T08:52:21","slug":"1807-las-tropas-de-napoleon-ingresan-en-la-peninsula-iberica-y-los-reyes-de-espana-abdican","status":"publish","type":"page","link":"https:\/\/research.kent.ac.uk\/warandnation\/es\/1807-las-tropas-de-napoleon-ingresan-en-la-peninsula-iberica-y-los-reyes-de-espana-abdican\/","title":{"rendered":"1807: Las tropas de Napole\u00f3n ingresan en la Pen\u00ednsula Ib\u00e9rica y los Reyes de Espa\u00f1a abdican"},"content":{"rendered":"<div class=\"video-container\"><iframe loading=\"lazy\" title=\"Natalia Sobrevilla Perea discusses the effects of the 1808 crisis in Hispanic America\" width=\"500\" height=\"281\" src=\"https:\/\/www.youtube.com\/embed\/OfwUT4fLdDU?feature=oembed\" frameborder=\"0\" allow=\"accelerometer; autoplay; clipboard-write; encrypted-media; gyroscope; picture-in-picture; web-share\" referrerpolicy=\"strict-origin-when-cross-origin\" allowfullscreen><\/iframe><\/div>\n<p>En el siglo XVIII, hubo grandes luchas de poder entre las naciones europeas. Los conflictos fueron cada vez m\u00e1s globalizados porque se luchaba por territorios extranjeros. La Revoluci\u00f3n Francesa y las Guerras Napole\u00f3nicas ocurrieron a fines del siglo XVIII y principios del siglo XIX. En 1805, se hizo cada vez m\u00e1s dif\u00edcil para Espa\u00f1a atravesar el Atl\u00e1ntico, y en 1806 y 1807, Gran Breta\u00f1a intent\u00f3 tomar el puerto de Buenos Aires de Espa\u00f1a.<\/p>\n<p>En 1807, las tropas de Napole\u00f3n ingresaron a la Pen\u00ednsula Ib\u00e9rica. Inicialmente, Espa\u00f1a era aliado de Francia y Napole\u00f3n busc\u00f3 la cooperaci\u00f3n de Espa\u00f1a en la invasi\u00f3n de Portugal. La monarqu\u00eda espa\u00f1ola cooper\u00f3 debido al bloqueo brit\u00e1nico de Buenos Aires, y porque esperaba asegurar el sur de Portugal para s\u00ed misma. Sin embargo, Napole\u00f3n traicion\u00f3 a Espa\u00f1a y las tropas francesas se trasladaron al territorio espa\u00f1ol.<\/p>\n<div id=\"attachment_3905\" style=\"width: 243px\" class=\"wp-caption alignleft\"><img loading=\"lazy\" decoding=\"async\" aria-describedby=\"caption-attachment-3905\" class=\"size-full wp-image-3905\" src=\"https:\/\/research.kent.ac.uk\/warandnation\/wp-content\/uploads\/sites\/1846\/2018\/06\/King-Fernando-VII-of-Spain.png\" alt=\"\" width=\"233\" height=\"300\" \/><p id=\"caption-attachment-3905\" class=\"wp-caption-text\">Fernando VII<\/p><\/div>\n<p>En 1808, el rey borb\u00f3n Fernando VII se convirti\u00f3 en rey de Espa\u00f1a, pero posteriormente Napole\u00f3n lo expuls\u00f3, provocando una crisis que repercuti\u00f3 en todo el imperio espa\u00f1ol. El rey Fernando VII y su padre aceptaron una invitaci\u00f3n de Napole\u00f3n para resolver el asunto diplom\u00e1ticamente, pero se vieron obligados a renunciar a sus cargos y aceptar a la familia Bonaparte como reemplazantes. El hermano de Napole\u00f3n, Jos\u00e9 Bonaparte, fue el primer rey Bonaparte de Espa\u00f1a y coup\u00f3 la corona espa\u00f1ola hasta 1813,como Jos\u00e9 I.<br \/>\nMientras tanto, Fernando VII y su padre fueron mantenidos prisioneros en Francia y esto caus\u00f3 una crisis de poder en todo el imperio espa\u00f1ol. Como observa Natalia Sobrevilla con respecto a la abdicaci\u00f3n de la familia real espa\u00f1ola, &#8220;[se] encontr\u00f3 con una seria oposici\u00f3n en algunos sectores de Espa\u00f1a, desencadenando una crisis constitucional de proporciones inauditas. Las Abdicaciones Reales fueron el verdadero punto de inflexi\u00f3n para la monarqu\u00eda hispana&#8221;.<\/p>\n<p>Por lo tanto, la eliminaci\u00f3n del rey leg\u00edtimo socav\u00f3 los cimientos del sistema mon\u00e1rquico y esto repercuti\u00f3 en todo el mundo hispano. Altos oficiales militares espa\u00f1oles mantuvieron su lealtad a la Corona y aceptaron a Bonaparte como el nuevo monarca. Por lo tanto, hubo poca resistencia a los franceses por parte de los altos oficiales militares al mando. La resistencia que surgi\u00f3 fue, m\u00e1s bien, de los campesinos y de la clase media. El 2 de mayo de 1808, los madrile\u00f1os se rebelaron contra la ocupaci\u00f3n francesa, pero fueron anulados y muchos fueron asesinados.<\/p>\n<p>Despu\u00e9s de la usurpaci\u00f3n del trono de Napole\u00f3n al rey, las estructuras gubernamentales centrales y provinciales de la pen\u00ednsula espa\u00f1ola se rompieron. Las juntas regionales y descentralizadas, que se negaron a reconocer la legitimidad de la dinast\u00eda Bonaparte, tomaron el poder. Estas juntas insistieron en que, durante la ausencia del rey, el poder volv\u00eda a las provincias. Proporcionaron Establecieron un modelo que luego ser\u00eda replicado en Hispanoam\u00e9rica.<\/p>\n<p>En el podcast anterior, Natalia Sobrevilla Perea discute el efecto de la crisis de 1808 y la ausencia de un rey. Ella analiza el concepto de revoluci\u00f3n en este contexto. Si bien hubo grandes cambios en Hispanoam\u00e9rica en este momento, el sistema mon\u00e1rquico todav\u00eda era compatible en la mayor\u00eda de los lugares. Dentro de este contexto hist\u00f3rico, Sobrevilla Perea se pregunta, \u00bfA qu\u00e9 nos referimos cuando hablamos de revoluci\u00f3n y de restauraci\u00f3n de la monarqu\u00eda? Incluso cuando se redact\u00f3 la Constituci\u00f3n de C\u00e1diz, se concibi\u00f3 una monarqu\u00eda constitucional.<\/p>\n<p><strong>Referencias<\/strong><br \/>\nSobrevilla, Natalia. \u201cHow (not) to Make a Durable State.\u201d In <a href=\"http:\/\/www.manchesteruniversitypress.co.uk\/9781526124746\/\">Spain in the Nineteenth Century<\/a>, edited by Andrew Ginger Manchester: Manchester University Press, 2018.<\/p>\n","protected":false},"excerpt":{"rendered":"<p>En el siglo XVIII, hubo grandes luchas de poder entre las naciones europeas. Los conflictos fueron cada vez m\u00e1s globalizados porque se luchaba por territorios extranjeros. La Revoluci\u00f3n Francesa y las Guerras Napole\u00f3nicas ocurrieron a fines del siglo XVIII y principios del siglo XIX. En 1805, se hizo cada vez m\u00e1s dif\u00edcil para Espa\u00f1a atravesar [&hellip;]<\/p>\n","protected":false},"author":122,"featured_media":0,"parent":0,"menu_order":0,"comment_status":"closed","ping_status":"closed","template":"","meta":{"_acf_changed":false,"footnotes":""},"class_list":["post-3898","page","type-page","status-publish","hentry"],"acf":[],"_links":{"self":[{"href":"https:\/\/research.kent.ac.uk\/warandnation\/wp-json\/wp\/v2\/pages\/3898","targetHints":{"allow":["GET"]}}],"collection":[{"href":"https:\/\/research.kent.ac.uk\/warandnation\/wp-json\/wp\/v2\/pages"}],"about":[{"href":"https:\/\/research.kent.ac.uk\/warandnation\/wp-json\/wp\/v2\/types\/page"}],"author":[{"embeddable":true,"href":"https:\/\/research.kent.ac.uk\/warandnation\/wp-json\/wp\/v2\/users\/122"}],"replies":[{"embeddable":true,"href":"https:\/\/research.kent.ac.uk\/warandnation\/wp-json\/wp\/v2\/comments?post=3898"}],"version-history":[{"count":6,"href":"https:\/\/research.kent.ac.uk\/warandnation\/wp-json\/wp\/v2\/pages\/3898\/revisions"}],"predecessor-version":[{"id":4813,"href":"https:\/\/research.kent.ac.uk\/warandnation\/wp-json\/wp\/v2\/pages\/3898\/revisions\/4813"}],"wp:attachment":[{"href":"https:\/\/research.kent.ac.uk\/warandnation\/wp-json\/wp\/v2\/media?parent=3898"}],"curies":[{"name":"wp","href":"https:\/\/api.w.org\/{rel}","templated":true}]}}