{"id":3562,"date":"2018-04-22T23:28:13","date_gmt":"2018-04-22T22:28:13","guid":{"rendered":"https:\/\/research.kent.ac.uk\/upgrade-warandnation\/?page_id=3562"},"modified":"2020-09-09T11:38:05","modified_gmt":"2020-09-09T10:38:05","slug":"publications","status":"publish","type":"page","link":"https:\/\/research.kent.ac.uk\/warandnation\/publications\/","title":{"rendered":"Publications"},"content":{"rendered":"<p>&nbsp;<\/p>\n<p><img loading=\"lazy\" decoding=\"async\" class=\"size-thumbnail wp-image-2545 alignleft\" src=\"https:\/\/research.kent.ac.uk\/warandnation\/wp-content\/uploads\/sites\/1846\/2017\/07\/Rosas-Book-El-Peru-en-Revolucion-150x150.jpg\" alt=\"\" width=\"150\" height=\"150\" \/><\/p>\n<p>Chust, Manuel and<strong> Claudia Rosas<\/strong> (editors). <em>El Per\u00fa en revoluci\u00f3n. Independencia y guerra, 1780-1826<\/em>. Castell\u00f3n: Universitat Jaume I, Castell\u00f3n-El Colegio de Michoac\u00e1n, M\u00e9xico-Fondo Editorial Pontificia Universidad Cat\u00f3lica del Per\u00fa, 2017.<\/p>\n<p>&nbsp;<\/p>\n<p>&nbsp;<\/p>\n<p><img loading=\"lazy\" decoding=\"async\" class=\"size-thumbnail wp-image-2551 alignleft\" src=\"https:\/\/research.kent.ac.uk\/warandnation\/wp-content\/uploads\/sites\/1846\/2017\/07\/Di-Meglio-book-la-verdadera-trama-128x150.jpg\" alt=\"\" width=\"128\" height=\"150\" \/><\/p>\n<p><strong>Di Meglio, Gabriel<\/strong>. <em>1816. La verdadera trama de la independencia<\/em>. Buenos Aires: Planeta, 2016.<\/p>\n<p>&nbsp;<\/p>\n<p>&nbsp;<\/p>\n<p>&nbsp;<\/p>\n<p><img loading=\"lazy\" decoding=\"async\" class=\"size-thumbnail wp-image-2563 alignleft\" src=\"https:\/\/research.kent.ac.uk\/warandnation\/wp-content\/uploads\/sites\/1846\/2017\/07\/GDM-Book-Viva-el-bajo-pueblo-128x150.jpg\" alt=\"\" width=\"128\" height=\"150\" \/><strong>Di Meglio, Gabriel<\/strong>. <em>\u00a1Viva el bajo pueblo! La plebe urbana de Buenos Aires y la pol\u00edtica entre la Revoluci\u00f3n de Mayo y el rosismo<\/em>. Buenos Aires: Prometeo libros, 2016. This is a new edition which contains a new epilogue.<\/p>\n<p>&nbsp;<\/p>\n<p>&nbsp;<\/p>\n<p><strong>Di Meglio, Gabriel<\/strong>. \u201cUn brindis por \u2018el gran Washington\u2019. Miradas sobre los Estados Unidos en el R\u00edo de la Plata, 1810-1835.\u201d <em>Co-herencia<\/em> 13, no. 25 (2016): 61-88.<\/p>\n<p><strong>Di Meglio, Gabriel<\/strong>. \u201cHay un mundo all\u00e1 afuera. Reflexiones sobre algunas ausencias en la formaci\u00f3n profesional de historiadores.\u201d <em>Investigaciones y ensayos<\/em> 63, (2016): 55-66.<\/p>\n<p>&nbsp;<\/p>\n<p><img loading=\"lazy\" decoding=\"async\" class=\"size-thumbnail wp-image-2553 alignleft\" src=\"https:\/\/research.kent.ac.uk\/warandnation\/wp-content\/uploads\/sites\/1846\/2017\/07\/me-book--128x150.jpg\" alt=\"\" width=\"128\" height=\"150\" \/><\/p>\n<p><strong>Echeverri, Marcela<\/strong>. Indian<em> and Slave Royalists in the Age of Revolution: Reform, Revolution and Royalism in the Northern Andes 1780-1825<\/em>, New York: Cambridge University Press, 2016.<\/p>\n<p>&nbsp;<\/p>\n<p>&nbsp;<\/p>\n<p><img loading=\"lazy\" decoding=\"async\" class=\"size-thumbnail wp-image-2557 alignleft\" src=\"https:\/\/research.kent.ac.uk\/warandnation\/wp-content\/uploads\/sites\/1846\/2017\/07\/nsp-book-128x150.jpg\" alt=\"\" width=\"128\" height=\"150\" \/>Eastman, Scott and <strong>Natalia Sobrevilla Perea<\/strong> (editors). <em>The Rise of Constitutional Government in the Iberian Atlantic World: the Impact of the C\u00e1diz Constitution of 1812. <\/em>Tuscaloosa: The University of Alabama Press, 2015.<\/p>\n<p>&nbsp;<\/p>\n<p>&nbsp;<\/p>\n<p><img loading=\"lazy\" decoding=\"async\" class=\"size-thumbnail wp-image-2559 alignleft\" src=\"https:\/\/research.kent.ac.uk\/warandnation\/wp-content\/uploads\/sites\/1846\/2017\/07\/Screen-Shot-2017-07-26-at-16.42.48-150x150.png\" alt=\"\" width=\"150\" height=\"150\" \/><\/p>\n<p><strong>Guti\u00e9rrez, Daniel.<\/strong> <em>La Restauraci\u00f3n en la Nueva Granada, 1815-1819<\/em>, Bogota: Universidad Externado de Colombia, 2017.<\/p>\n<p>&nbsp;<\/p>\n<p>&nbsp;<\/p>\n<p>&nbsp;<\/p>\n<p><strong>Guti\u00e9rrez, Daniel<\/strong>. \u201cLos Estados Unidos como aliado natural y como aliado peligroso de la Nueva Granada (1810-1865).\u201d <em>Co-herencia. Revista de Humanidades<\/em>, vol.13 no 25 (2016): 231-260.<\/p>\n<p><strong>Guti\u00e9rrez, Daniel<\/strong> \u201cLa Creaci\u00f3n de la Rep\u00fablica de Colombia: de la pr\u00e1ctica gubernativa al dise\u00f1o constitucional (1819-1821).\u201d <em>Pol\u00edtica y Constituci\u00f3n en tiempos de las independencias<\/em> (2016): 197-220.<\/p>\n<p><strong>Ossa, Juan Luis<\/strong>. \u201cEl gobierno de Bernardo O\u2019Higgins visto a trav\u00e9s de cinco agentes estadounidenses, 1817-1823.\u201d <em>Co-herencia. Revista de Humanidades<\/em> 13, no 25 (2016): 139-166.<\/p>\n<p><strong>Ossa, Juan Luis<\/strong> \u201cMiguel Eyzaguirre: las redes de un chileno reformista en la Lima del virrey Abascal, 1803-1816.\u201d <em>Revista de Indias <\/em>77, no 269 (2017): 137-167.<\/p>\n<p><strong>Ossa, Juan Luis<\/strong> and Andr\u00e9s Estefane. \u201cMilitancy and parliamentary representation in Chile, 1840-1870. Notes for a prosopographical study of the Chamber of Deputies.\u201d <em>Parliament, Estates and Representation <\/em>37, no 2 (2017): 159-175.<\/p>\n<p><strong>Ossa, Juan Luis<\/strong>. \u201cRevolucionarios, rebeldes y contrarrevolucionarios. Un an\u00e1lisis comparativo entre Chile y el Cuzco, 1812-1816.\u201d In Scarlett O\u2019Phelan (editor), <em>1814: La junta de gobierno del Cuzco y el sur andino<\/em>, Instituto Franc\u00e9s de Estudios Andinos, Lima, 2016.<\/p>\n<p><strong><a href=\"https:\/\/research.kent.ac.uk\/warandnation\/alejandro-rabinovich-publishes-anatomia-del-panico\/\"><img loading=\"lazy\" decoding=\"async\" class=\"alignleft wp-image-3006 size-thumbnail\" src=\"https:\/\/research.kent.ac.uk\/warandnation\/wp-content\/uploads\/sites\/1846\/2017\/11\/AR-Book--150x150.jpg\" alt=\"\" width=\"150\" height=\"150\" srcset=\"https:\/\/research.kent.ac.uk\/warandnation\/wp-content\/uploads\/sites\/1846\/2017\/11\/AR-Book--150x150.jpg 150w, https:\/\/research.kent.ac.uk\/warandnation\/wp-content\/uploads\/sites\/1846\/2017\/11\/AR-Book--200x200.jpg 200w\" sizes=\"auto, (max-width: 150px) 100vw, 150px\" \/><\/a>Rabinovich, Alejandro<\/strong>. Anatom\u00eda del p\u00e1nico: La batalla de Huaqui, o la derrota de la Revoluci\u00f3n (1811) Buenos Aires: Editorial Sudamericana, 2017.<\/p>\n<p>&nbsp;<\/p>\n<p>&nbsp;<\/p>\n<p><strong>Rabinovich, Alejandro<\/strong>. \u201cLas \u00f3rdenes militares en tiempos revolucionarios: el republicanismo y la posibilidad de una aristocracia militar. R\u00edo de la Plata, Chile y Per\u00fa, 1810-1824.\u201d <em>Revista Universitaria de Historia Militar<\/em> 5, no. 9, (2016): 15-32.<\/p>\n<p><strong>Rabinovich, Alejandro<\/strong> \u201cLa defensa, el ataque y la forma de la guerra en Sudam\u00e9rica. El caso de la Guerra de la Triple Alianza en la obra de Thomas Whigham.\u201d In <em>A 150 a\u00f1os de la Guerra de la Triple Alianza contra el Paraguay<\/em>, edited by Juan Carlos Garavaglia and Ra\u00fal Fradkin, 53-60. Buenos Aires: Prometeo, 2016.<\/p>\n<p><strong>Rabinovich, Alejandro<\/strong> \u201cUna independencia, dos caminos. La disputa por la estrategia militar de la Revoluci\u00f3n.\u201d In <em>200 a\u00f1os de la Independencia Argentina<\/em> edited by Alejandro M. Rabinovich, M\u00e1ximo Mena and Alejandro Morea. 13-48. Buenos Aires: Congreso de la Naci\u00f3n, 2017.<\/p>\n<p><strong>Rosas, Claudia<\/strong> \u201cLa estela de la Revoluci\u00f3n Francesa en la Independencia del Per\u00fa: debates pol\u00edticos y perspectivas historiogr\u00e1ficas\u201d. En Michel Vovelle, Manuel Chust, Jos\u00e9 A. Serrano (eds.). <em>Escarapelas y coronas: las revoluciones continentales en Am\u00e9rica y Europa, 1776-1835<\/em>.<\/p>\n<p><strong>Sobrevilla Perea, Natalia<\/strong>. \u201cPower of the Law or Power of the Sword: the Conflictive Relationship between the Executive and the Legistlative in Nineteenth Century Peru.\u201d <em>Parliaments, Estates and Representation <\/em>37 no 2 (2017): 220-234.<\/p>\n<p><strong>Sobrevilla Perea, Natalia<\/strong>. \u201cHall\u00e1ndome viuda sin recursos, sin apoyo y en la m\u00e1s deplorable situaci\u00f3n: El montep\u00edo militar y la creaci\u00f3n del Estado en el Per\u00fa (1800-1880) <em>Caravelle: Cahiers du Monde Hispanique el Luso-Brasilien <\/em>106 (2016): 15-31.<\/p>\n<p><strong>Sobrevilla Perea, Natalia<\/strong>. \u201cLoyalism and Liberalism in Peru 1810-1824.\u201d In <em>The Rise of Constitutional Government in the Iberian Atlantic World: the Impact of the C\u00e1diz Constitution of 1812 <\/em>edited by Scott Eastman and Natalia Sobrevilla Perea. 111-132. Tuscaloosa: The University of Alabama Press, 2015.<\/p>\n","protected":false},"excerpt":{"rendered":"<p>&nbsp; Chust, Manuel and Claudia Rosas (editors). El Per\u00fa en revoluci\u00f3n. Independencia y guerra, 1780-1826. Castell\u00f3n: Universitat Jaume I, Castell\u00f3n-El Colegio de Michoac\u00e1n, M\u00e9xico-Fondo Editorial Pontificia Universidad Cat\u00f3lica del Per\u00fa, 2017. &nbsp; &nbsp; Di Meglio, Gabriel. 1816. La verdadera trama de la independencia. Buenos Aires: Planeta, 2016. &nbsp; &nbsp; &nbsp; Di Meglio, Gabriel. \u00a1Viva el [&hellip;]<\/p>\n","protected":false},"author":122,"featured_media":0,"parent":0,"menu_order":0,"comment_status":"closed","ping_status":"closed","template":"","meta":{"_acf_changed":false,"footnotes":""},"class_list":["post-3562","page","type-page","status-publish","hentry"],"acf":[],"_links":{"self":[{"href":"https:\/\/research.kent.ac.uk\/warandnation\/wp-json\/wp\/v2\/pages\/3562","targetHints":{"allow":["GET"]}}],"collection":[{"href":"https:\/\/research.kent.ac.uk\/warandnation\/wp-json\/wp\/v2\/pages"}],"about":[{"href":"https:\/\/research.kent.ac.uk\/warandnation\/wp-json\/wp\/v2\/types\/page"}],"author":[{"embeddable":true,"href":"https:\/\/research.kent.ac.uk\/warandnation\/wp-json\/wp\/v2\/users\/122"}],"replies":[{"embeddable":true,"href":"https:\/\/research.kent.ac.uk\/warandnation\/wp-json\/wp\/v2\/comments?post=3562"}],"version-history":[{"count":6,"href":"https:\/\/research.kent.ac.uk\/warandnation\/wp-json\/wp\/v2\/pages\/3562\/revisions"}],"predecessor-version":[{"id":4666,"href":"https:\/\/research.kent.ac.uk\/warandnation\/wp-json\/wp\/v2\/pages\/3562\/revisions\/4666"}],"wp:attachment":[{"href":"https:\/\/research.kent.ac.uk\/warandnation\/wp-json\/wp\/v2\/media?parent=3562"}],"curies":[{"name":"wp","href":"https:\/\/api.w.org\/{rel}","templated":true}]}}